 = -2*d - 8, 4*q - d = 71. Let v = -14 + q. List the prime factors of v.
5
Let n be -1*(-1 - -2) - 4. Let i = n - -9. What are the prime factors of i?
2
Let a be (-6)/(-8) + (-342)/(-24). Let w be (-1)/((-2)/12) - -1. Let u = a - w. What are the prime factors of u?
2
Let l be (-36)/(-21) + (-4)/(-14). Suppose 3*n - 2*j = -7*j + 121, 5*j = 25. Suppose l*r + 2*r = n. What are the prime factors of r?
2
List the prime factors of (18/4)/(5/10).
3
Let q be -1*(-1 + 0)*1. Let o be 3 - (-1 - 1) - q. List the prime factors of o*3/6 + 7.
3
List the prime factors of 712/40 - 3/(-15).
2, 3
Let d = 89 + -54. Let o be (3/1)/(15/20). Suppose o*a - d = -a. List the prime factors of a.
7
Suppose -j - 12 = -4*j. Let z = -10 + 14. Suppose z*t - 2*c - 16 = 18, -t - j*c - 5 = 0. What are the prime factors of t?
7
What are the prime factors of (38*(-1)/(-4))/(20/600)?
3, 5, 19
Let w = 11 - -44. Let n = w + -16. List the prime factors of n.
3, 13
Let y(p) = -p**3 + 4*p**2 + 3*p - 2. Let i be y(4). Suppose -2*z - 2*l + i = 2*z, -l = -z + 1. List the prime factors of 2/(3/9*z).
3
Let u(g) = g**3 + 21*g**2 + 21*g + 48. Let q be u(-20). Suppose -2*r - 4*a = -90, 0 = -r + 3*a + 46 + 4. Suppose 5*s = r + q. What are the prime factors of s?
3, 5
Suppose 125 = 6*x - x + 5*f, 40 = 2*x + 4*f. List the prime factors of x.
2, 3, 5
Let m be 47/4 + 6/(-8). Let c(r) be the second derivative of r**3/6 - 3*r**2 - 2*r. What are the prime factors of c(m)?
5
Let h = 202 + -132. What are the prime factors of h?
2, 5, 7
Let o = -28 - -47. What are the prime factors of o?
19
Let r = 59 - 35. List the prime factors of r.
2, 3
Let s(w) = 54*w - 20. What are the prime factors of s(3)?
2, 71
Suppose -37 = -3*m + 17. What are the prime factors of m?
2, 3
Let y(h) = -h**3 - 7*h**2 - 4*h - 5. List the prime factors of y(-8).
7, 13
Let o be ((-3)/(-6))/((-1)/(-12)). Let p be 1*o*6/2. Suppose -t + c = -14, 0*t - 3*c = -t + p. List the prime factors of t.
2, 3
Suppose -4*o + 5 = 21, -5*z + 424 = -o. What are the prime factors of z?
2, 3, 7
Let k(i) = -i - 4. Let g be k(-4). Suppose s + g*s + 8 = 0. List the prime factors of 4 - 1 - (s - -1).
2, 5
Suppose 3*u = 2*u + 3. Suppose 0 = 3*k + 6*p - p - 106, -86 = -u*k - p. List the prime factors of k.
3
Suppose 149 = 3*w + 2*k, 0 = -4*k - 0 + 4. Suppose 0 = -4*z + w - 1. List the prime factors of z.
2, 3
Let w(t) = -t**2 - 9*t + 2. Suppose -30 = -0*l + 3*l + 2*c, -2*l - 10 = -2*c. List the prime factors of w(l).
2, 5
Suppose a = 2*i - 1, -11 = 2*i - 3*a - 2*a. Let s = i - 2. Suppose s*k + 9 = 3*k. What are the prime factors of k?
3
Let r(h) = 2*h**3 + 2*h**2 - 3*h - 3. Let n be r(-2). Let f(p) = -p**3 - 5*p**2 - 5*p - 3. What are the prime factors of f(n)?
2, 11
Let x be 1 + 2 + -5 + -11. Let v = x + 21. List the prime factors of v.
2
Let m(s) = -s**3 + 5*s**2 - 3*s - 3. Let o be m(3). Let r = 8 - o. What are the prime factors of r?
2
Let v(t) = -2*t**2 + 4*t + 2. Let s be v(5). Let o = s + 40. List the prime factors of o.
2, 3
Let j be 6/9*(5 + -2). Suppose -j*n = 0, b = 5*b - 3*n - 56. Let g = b + -10. What are the prime factors of g?
2
Let p be (-3)/9 - (-2)/6. Suppose -5*h = -25, -5*k + 5*h + 1 + 4 = p. What are the prime factors of k?
2, 3
Let f be (20/6)/(7/231). Suppose -10*x + 5*x = -f. What are the prime factors of x?
2, 11
Suppose -2*a - 27 = a. Let i = 28 + -23. Let r = i - a. List the prime factors of r.
2, 7
Suppose 7*l - 4*r - 30 = 2*l, 0 = -l - 2*r + 20. Let x be (-2)/5 + 74/l. Let k = x + 2. What are the prime factors of k?
3
Suppose 5 + 3 = 4*q + a, 0 = -q + 4*a + 2. Let b be q/3 - 232/(-3). What are the prime factors of -3*(b/(-9) - -3)?
17
Let p = -11 + 23. List the prime factors of p.
2, 3
Suppose -2*q + 294 = 4*x, -4*q = -5*q - 5. What are the prime factors of x?
2, 19
Let g(i) = i**3 - 1. Let f(u) = -5*u**3 - 7*u**2 + 8*u - 3. Let v be 2/3 - (-48)/9. Let h(k) = v*g(k) + f(k). What are the prime factors of h(6)?
3
Let z(j) = 5 + j + 3 + 1. Let c be (-14)/(-1 - (-1 + -2)). List the prime factors of z(c).
2
Let o(u) = 23*u - 47. What are the prime factors of o(6)?
7, 13
Let b be (-4)/(-2) + 3 + 0. Suppose 21 = a - b. List the prime factors of a.
2, 13
Let g = 13 + -9. What are the prime factors of g?
2
Suppose -z + 20 = 4*w, -w + 0*w - 4*z - 10 = 0. Let s be w/15 + 96/10. Suppose s = -0*t + 2*t. List the prime factors of t.
5
Let x(p) = 7*p + 3. Let f be x(3). Let u = -10 + f. List the prime factors of u.
2, 7
Suppose -8 = -3*a - a. List the prime factors of (-1)/(2/(-19))*a.
19
Suppose 0 = 2*g - 2*y + 4, 0 = 5*g + y - 34 + 14. Suppose 0 = -c - g*c + 76. What are the prime factors of c?
19
What are the prime factors of (3 - 0)*636/72*2?
53
Suppose 3*l - 19 - 29 = 0. Suppose -2*v - 6 = -l. Suppose 3*i - 114 = -v*y, -27 = -3*y + i + 33. List the prime factors of y.
3, 7
Suppose 2 = 3*q - 4. Suppose -30 = -q*n + 4*d, -4*n = -2*d + d - 53. Let y = n - 3. What are the prime factors of y?
2, 5
Suppose -4*a + 5*f = -1292, -5*a - f = -a - 1268. List the prime factors of a.
2, 3, 53
Let o(z) = -4*z - 2. Let w(g) = -g**3 - 9*g**2 - 9*g - 3. Let p be w(-8). Let u be o(p). Let h = -11 - u. List the prime factors of h.
11
Suppose -4*i = -2*z - 52, -2*i + 0*z + 2*z = -28. List the prime factors of (-1 + 0)/((-1)/i).
2, 3
Suppose m = -3*m - 4*v + 160, 221 = 5*m - 2*v. What are the prime factors of m?
43
Let l(j) = 7*j - 11. Let i(q) = q**3 + 13*q**2 - 15*q - 6. Let t be i(-14). What are the prime factors of l(t)?
3, 5
Let k be (1 - -1) + (-4 - 1). Let x be -2 + (-3)/(k/67). Suppose -4*i - 5*j + 43 = 0, -5*j - 45 = -5*i + x. List the prime factors of i.
17
What are the prime factors of (-6)/(-4)*(-76)/(-3)?
2, 19
Suppose -4*h - h = -25. Suppose -2*u + 0*u - 4*k = 0, -12 = 4*k. Suppose 4*t = h*p + 26, -5*p + u = -2*p. List the prime factors of t.
3
Let q be (12/(-10))/((-4)/400). Suppose q = 9*x - 5*x. List the prime factors of x.
2, 3, 5
Let f be 4/(-4) + -1 - 1. What are the prime factors of (f + 5)*(-78)/(-4)?
3, 13
Let v be (-94)/(-8) + (-3)/(-12). Let j be 3/5*(v + 3). Suppose -z + 4*s + 9 = 0, -s = z - 0*s - j. What are the prime factors of z?
3
Suppose 4*h + 12 = 4*t, -2 - 3 = -t + 2*h. What are the prime factors of t/(8/(-6))*-12?
3
Let t(j) = j - 3. Let o be t(3). Suppose o = 4*n - 2*n. Suppose -4*f + 0*f + 40 = n. List the prime factors of f.
2, 5
Suppose 18 - 2 = 4*z. Suppose z*o + 10 + 14 = 4*u, -5*u + 26 = -o. List the prime factors of u.
5
Suppose x + 0*x = 2. Suppose x*a - 57 = -5*v, -48 = -5*a + 4*a + 4*v. Suppose 0 = 2*j + j - a. What are the prime factors of j?
2, 3
Let f be (-2)/4 - 22/(-4). Suppose -2*d + 1 = b - 32, 0 = -5*b + f. Suppose 4 - d = -m. What are the prime factors of m?
2, 3
Suppose 0 = 5*s - 0 - 15. Suppose s*g = -2*d + 28 + 22, -2*d + 3*g = -50. List the prime factors of d.
5
Let u = -1 + 56. List the prime factors of u.
5, 11
Suppose 3*w = l - 120, l + 3*w = 2*w + 116. What are the prime factors of l?
3, 13
Suppose -14 = -4*q + 14. Let l be (q/2)/(1/(-2)). Let s = -4 - l. List the prime factors of s.
3
Suppose 4*h + h - 1167 = -2*d, -h = -d - 239. What are the prime factors of h?
5, 47
Suppose -4*c = 2*x - 10, 5 = x - 6*x. Suppose -c*n + 8 = -1. List the prime factors of n/(3/16) + -1.
3, 5
Let j(o) = 2*o**3 - 4*o**2 + 3*o - 2. Let i be j(2). Suppose -4*f + 172 = i*l - 0*l, 5*f - 245 = 5*l. What are the prime factors of f?
2, 23
Let s(p) = -60*p**3 - p. Let y be s(-1). Suppose 157 = 2*j + y. What are the prime factors of j?
2, 3
Let c(f) = 5*f**3 - 6*f + 19. Let u(o) = -o**3 + o - 4. Let q(l) = -2*c(l) - 11*u(l). What are the prime factors of q(0)?
2, 3
Suppose 0 = -5*n - 5, -3*n - 69 = -3*m - 0*m. Let u = 42 - m. What are the prime factors of u?
2, 5
Let y(t) = -t + 47. Let s be y(0). Let r = s + -32. What are the prime factors of r?
3, 5
Let w = 7 + -4. Suppose -3*u = -2*z + w*z - 54, 0 = 2*u - 3*z - 36. What are the prime factors of u?
2, 3
Let j be ((-24)/(-20))/(3/10). Let a(p) = 2*p**2 - p + 4*p**3 - 4*p**3 - p**3 + 3*p**2. What are the prime factors of a(j)?
2, 3
Suppose 0 = 10*g - 990 - 1330. What are the prime factors of g?
2, 29
Let l(m) be the second derivative of m**4/12 - 7*m**3/6 + 4*m**2 + 2*m. What are the prime factors of l(6)?
2
Let w be (-3)/(-12) - (-1)/(-4). Suppose -4*q - 6 - 10 = w. What a